
List the prime factors of 2266.
2, 11, 103
List the prime factors of 108012.
2, 3, 9001
List the prime factors of 774.
2, 3, 43
What are the prime factors of 1839?
3, 613
List the prime factors of 8699.
8699
What are the prime factors of 1753?
1753
What are the prime factors of 26358?
2, 3, 23, 191
List the prime factors of 37783.
37783
What are the prime factors of 4736?
2, 37
List the prime factors of 29706.
2, 3, 4951
List the prime factors of 31658.
2, 11, 1439
What are the prime factors of 29516?
2, 47, 157
What are the prime factors of 5294?
2, 2647
What are the prime factors of 1137?
3, 379
List the prime factors of 1292.
2, 17, 19
List the prime factors of 2030.
2, 5, 7, 29
What are the prime factors of 3773?
7, 11
What are the prime factors of 18309?
3, 17, 359
List the prime factors of 54639.
3, 13, 467
List the prime factors of 13157.
59, 223
What are the prime factors of 1120?
2, 5, 7
What are the prime factors of 39345?
3, 5, 43, 61
List the prime factors of 1638.
2, 3, 7, 13
List the prime factors of 1013.
1013
List the prime factors of 27915.
3, 5, 1861
What are the prime factors of 4447?
4447
What are the prime factors of 144580?
2, 5, 7229
List the prime factors of 13760.
2, 5, 43
List the prime factors of 4010.
2, 5, 401
What are the prime factors of 955?
5, 191
List the prime factors of 26234.
2, 13, 1009
What are the prime factors of 5850?
2, 3, 5, 13
What are the prime factors of 537?
3, 179
What are the prime factors of 36593?
23, 37, 43
What are the prime factors of 3163?
3163
List the prime factors of 1938.
2, 3, 17, 19
What are the prime factors of 18152?
2, 2269
What are the prime factors of 42233?
157, 269
List the prime factors of 2266.
2, 11, 103
List the prime factors of 26630.
2, 5, 2663
List the prime factors of 2753.
2753
List the prime factors of 10830.
2, 3, 5, 19
List the prime factors of 469.
7, 67
List the prime factors of 71045.
5, 13, 1093
List the prime factors of 4468.
2, 1117
List the prime factors of 541.
541
What are the prime factors of 5751?
3, 71
What are the prime factors of 552?
2, 3, 23
What are the prime factors of 1638?
2, 3, 7, 13
What are the prime factors of 5110?
2, 5, 7, 73
What are the prime factors of 2047?
23, 89
List the prime factors of 5494.
2, 41, 67
List the prime factors of 768.
2, 3
What are the prime factors of 388?
2, 97
List the prime factors of 1160.
2, 5, 29
What are the prime factors of 4301?
11, 17, 23
What are the prime factors of 14385?
3, 5, 7, 137
List the prime factors of 5378.
2, 2689
What are the prime factors of 24092?
2, 19, 317
List the prime factors of 409.
409
What are the prime factors of 80629?
80629
List the prime factors of 34047.
3, 13, 97
List the prime factors of 877.
877
List the prime factors of 2749.
2749
What are the prime factors of 142874?
2, 71437
List the prime factors of 18652.
2, 4663
List the prime factors of 918.
2, 3, 17
List the prime factors of 1082.
2, 541
What are the prime factors of 21?
3, 7
List the prime factors of 10479.
3, 7, 499
List the prime factors of 675.
3, 5
List the prime factors of 6411.
3, 2137
What are the prime factors of 19810?
2, 5, 7, 283
What are the prime factors of 1808?
2, 113
List the prime factors of 2899.
13, 223
What are the prime factors of 118121?
41, 43, 67
List the prime factors of 11412.
2, 3, 317
What are the prime factors of 2781?
3, 103
List the prime factors of 192.
2, 3
List the prime factors of 8280.
2, 3, 5, 23
List the prime factors of 21983.
13, 19, 89
List the prime factors of 2587.
13, 199
List the prime factors of 3230.
2, 5, 17, 19
What are the prime factors of 31578?
2, 3, 19, 277
List the prime factors of 15290.
2, 5, 11, 139
List the prime factors of 6747.
3, 13, 173
List the prime factors of 4254.
2, 3, 709
What are the prime factors of 45860?
2, 5, 2293
List the prime factors of 261.
3, 29
List the prime factors of 1681.
41
List the prime factors of 1609.
1609
List the prime factors of 41.
41
List the prime factors of 1668.
2, 3, 139
What are the prime factors of 609?
3, 7, 29
What are the prime factors of 2941?
17, 173
List the prime factors of 301.
7, 43
List the prime factors of 811.
811
What are the prime factors of 49106?
2, 43, 571
What are the prime factors of 845?
5, 13
List the prime factors of 24750.
2, 3, 5, 11
List the prime factors of 29659.
7, 19, 223
What are the prime factors of 1620?
2, 3, 5
List the prime factors of 686.
2, 7
List the prime factors of 23101.
13, 1777
List the prime factors of 16118.
2, 8059
What are the prime factors of 2052?
2, 3, 19
List the prime factors of 681.
3, 227
What are the prime factors of 49994?
2, 7, 3571
List the prime factors of 546.
2, 3, 7, 13
What are the prime factors of 1670?
2, 5, 167
List the prime factors of 145432.
2, 7, 53
What are the prime factors of 1339?
13, 103
What are the prime factors of 7528?
2, 941
List the prime factors of 1324.
2, 331
List the prime factors of 28910.
2, 5, 7, 59
What are the prime factors of 1759?
1759
List the prime factors of 32637.
3, 11, 23, 43
What are the prime factors of 956?
2, 239
What are the prime factors of 129?
3, 43
List the prime factors of 3148.
2, 787
List the prime factors of 1193.
1193
List the prime factors of 1595.
5, 11, 29
What are the prime factors of 7532?
2, 7, 269
What are the prime factors of 977?
977
What are the prime factors of 9944?
2, 11, 113
List the prime factors of 942.
2, 3, 157
What are the prime factors of 3092?
2, 773
List the prime factors of 122806.
2, 61403
List the prime factors of 8234.
2, 23, 179
What are the prime factors of 39406?
2, 17, 19, 61
What are the prime factors of 13338?
2, 3, 13, 19
What are the prime factors of 62937?
3, 7, 37
What are the prime factors of 10858?
2, 61, 89
List the prime factors of 31623.
3, 83, 127
What are the prime factors of 32?
2
What are the prime factors of 3864?
2, 3, 7, 23
List the prime factors of 1247.
29, 43
What are the prime factors of 3250?
2, 5, 13
List the prime factors of 10699.
13, 823
What are the prime factors of 283?
283
What are the prime factors of 1913?
1913
What are the prime factors of 26080?
2, 5, 163
List the prime factors of 8430.
2, 3, 5, 281
What are the prime factors of 1989?
3, 13, 17
What are the prime factors of 93635?
5, 61, 307
What are the prime factors of 7790?
2, 5, 19, 41
What are the prime factors of 7387?
83, 89
What are the prime factors of 398?
2, 199
List the prime factors of 143923.
13, 11071
List the prime factors of 1049.
1049
What are the prime factors of 30982?
2, 7, 2213
List the prime factors of 91137.
3, 17, 1787
What are the prime factors of 534?
2, 3, 89
List the prime factors of 806.
2, 13, 31
List the prime factors of 2287.
2287
List the prime factors of 2000.
2, 5
What are the prime factors of 10878?
2, 3, 7, 37
What are the prime factors of 2077?
31, 67
What are the prime factors of 1763?
41, 43
List the prime factors of 3526.
2, 41, 43
What are the prime factors of 47699?
47699
What are the prime factors of 758?
2, 379
What are the prime factors of 10092?
2, 3, 29
What are the prime factors of 9346?
2, 4673
List the prime factors of 77008.
2, 4813
List the prime factors of 1361.
1361
List the prime factors of 128311.
128311
List the prime factors of 26133.
3, 31, 281
List the prime factors of 15981.
3, 7, 761
List the prime factors of 1793.
11, 163
What are the prime factors of 1342?
2, 11, 61
List the prime factors of 30346.
2, 15173
What are the prime factors of 22671?
3, 11, 229
List the prime factors of 19836.
2, 3, 19, 29
List the prime factors of 9573.
3, 3191
What are the prime factors of 12382?
2, 41, 151
List the prime factors of 446.
2, 223
List the prime factors of 1800.
2, 3, 5
What are the prime factors of 37160?
2, 5, 929
What are the prime factors of 16269?
3, 11, 17, 29
What are the prime factors of 3283?
7, 67
List the prime factors of 35945.
5, 7, 13, 79
What are the prime factors of 48000?
2, 3, 5
List the prime factors of 49475.
5, 1979
List the prime factors of 9257.
9257
List the prime factors of 22420.
2, 5, 19, 59
List the prime factors of 1464.
2, 3, 61
What are the prime factors of 1186?
2, 593
List the prime factors of 559.
13, 43
List the prime factors of 24.
2, 3
List the prime factors of 79399.
79399
List the prime factors 